{"id":103,"date":"2019-03-15T17:05:49","date_gmt":"2019-03-15T15:05:49","guid":{"rendered":"https:\/\/melges24klassenvereinigungdeutsch.wordpress.com\/?page_id=103"},"modified":"2019-03-15T17:05:49","modified_gmt":"2019-03-15T15:05:49","slug":"impressum-2","status":"publish","type":"page","link":"http:\/\/melges24.de\/?page_id=103","title":{"rendered":"Impressum"},"content":{"rendered":"<p><strong>Impressum<\/strong><\/p>\n<p style=\"text-align:left;\">Herausgeber:\u00a0 Deutsche Melges 24 Klassenvereinigung e.V.<\/p>\n<p style=\"text-align:left;\">c\/o Michael Tarabochia<\/p>\n<p style=\"text-align:left;\">Bavariaring 44<\/p>\n<p style=\"text-align:left;\">80336 M\u00fcnchen<\/p>\n<p style=\"text-align:left;\"><a href=\"mailto:vorsitz@melges24.de\">vorsitz@melges24.de<\/a><\/p>\n<p style=\"text-align:left;\">registriert unter VR40525 beim Amtsgericht Augsburg<\/p>\n<p style=\"text-align:left;\">vertreten durch Vorsitzender<\/p>\n<p style=\"text-align:left;\">Michael Tarabochia<\/p>\n<p><strong>Hinweise zum Urheberrecht<\/strong><\/p>\n<p>Alle Angaben, Beitr\u00e4ge und Fotos auf den Internetseiten der Deutschen Melges 24 Klassenvereinigung e.V. sind, soweit nicht ausdr\u00fccklich anders vermerkt, urheberrechtlich gesch\u00fctzt. Reproduktionen, gleich welcher Art, sind nur mit schriftlicher Genehmigung gestattet.<\/p>\n<p><strong>Fotos<\/strong><\/p>\n<p>Die auf dieser Seite dargestellten Fotos unterliegen dem Urheberrecht der Internationalen Klassenvereinigung der Melges 24 IMCA.<\/p>\n<p><strong>Haftung f\u00fcr Inhalte<\/strong><\/p>\n<p>Die Inhalte unserer Seiten wurden mit gr\u00f6\u00dfter Sorgfalt erstellt. Wir sind bem\u00fcht, f\u00fcr die Richtigkeit, Vollst\u00e4ndigkeit und Aktualit\u00e4t aller auf der Website enthaltenen Informationen und Daten gem\u00e4\u00df \u00a7 7 Abs.1 TMG zu sorgen, f\u00fcr deren Inhalt wir nach den allgemeinen Gesetzen verantwortlich sind. F\u00fcr die Richtigkeit, die Vollst\u00e4ndigkeit, die Aktualit\u00e4t oder Qualit\u00e4t der bereitgestellten Informationen und Daten wird jedoch keine Gew\u00e4hr nach \u00a7 8 bis 10 TMG \u00fcbernommen und wir sind als Diensteanbieter nicht verpflichtet, \u00fcbermittelte oder gespeicherte fremde Informationen zu \u00fcberwachen oder nach Umst\u00e4nden zu forschen, die auf eine rechtswidrige T\u00e4tigkeit hinweisen.<\/p>\n<p><strong>Haftung f\u00fcr Links<\/strong><\/p>\n<p>Unsere Seiten enthalten Links, z.B. Hyperlinks, zu externen Webseiten Dritter, auf deren Inhalte wir keinen Einfluss haben. Aus diesem Grund k\u00f6nnen wir f\u00fcr diese fremden Inhalte auch keine Gew\u00e4hr \u00fcbernehmen. F\u00fcr die Inhalte der z.B. durch Hyperlinks verlinkten Seiten ist ausschlie\u00dflich der jeweilige Anbieter oder Betreiber dieser Seiten verantwortlich. Die Inhalte dieser Internetseiten stammen nicht von uns, so dass wir uns diese ausdr\u00fccklich nicht zu eigen machen. Daher k\u00f6nnen wir f\u00fcr die inhaltliche Korrektheit, Vollst\u00e4ndigkeit und Verf\u00fcgbarkeit keine Gew\u00e4hr leisten. Wir haben bei der erstmaligen Verkn\u00fcpfung der Webseiten Dritten deren Inhalt daraufhin \u00fcberpr\u00fcft, ob durch ihn eine m\u00f6gliche zivilrechtliche oder strafrechtliche Verantwortlichkeit ausgel\u00f6st wird. Rechtswidrige Inhalte waren dabei zum Zeitpunkt der Verlinkung nicht erkennbar. Wir sind aber nicht dazu verpflichtet, die Inhalte, auf die wir auf unseren Seiten verweisen, ohne konkrete Anhaltspunkte st\u00e4ndig auf Ver\u00e4nderungen zu \u00fcberpr\u00fcfen, die eine Verantwortlichkeit neu begr\u00fcnden k\u00f6nnten. Erst wenn wir selber feststellen oder von Dritten darauf hingewiesen werden, dass ein konkretes Angebot bzw. eine Seite Dritter, zu dem wir einen Link bereitgestellt haben, eine zivil- oder strafrechtliche Verantwortlichkeit ausl\u00f6st, werden wir den Verweis auf dieses Angebot aufheben, soweit uns dies technisch m\u00f6glich und zumutbar ist, bzw. solche Links unverz\u00fcglich von unseren Seiten entfernen.<\/p>\n","protected":false},"excerpt":{"rendered":"<p>Impressum Herausgeber:\u00a0 Deutsche Melges 24 Klassenvereinigung e.V. c\/o Michael Tarabochia Bavariaring 44 80336 M\u00fcnchen vorsitz@melges24.de registriert unter VR40525 beim Amtsgericht Augsburg vertreten durch Vorsitzender Michael Tarabochia Hinweise zum Urheberrecht Alle Angaben, Beitr\u00e4ge und Fotos auf den Internetseiten der Deutschen Melges 24 Klassenvereinigung e.V. sind, soweit nicht ausdr\u00fccklich anders vermerkt, urheberrechtlich gesch\u00fctzt. Reproduktionen, gleich welcher Art, &hellip; <a href=\"http:\/\/melges24.de\/?page_id=103\" class=\"more-link\"><span class=\"screen-reader-text\">Impressum<\/span> weiterlesen<\/a><\/p>\n","protected":false},"author":1,"featured_media":0,"parent":0,"menu_order":0,"comment_status":"closed","ping_status":"closed","template":"","meta":{"footnotes":""},"class_list":["post-103","page","type-page","status-publish","hentry"],"_links":{"self":[{"href":"http:\/\/melges24.de\/index.php?rest_route=\/wp\/v2\/pages\/103","targetHints":{"allow":["GET"]}}],"collection":[{"href":"http:\/\/melges24.de\/index.php?rest_route=\/wp\/v2\/pages"}],"about":[{"href":"http:\/\/melges24.de\/index.php?rest_route=\/wp\/v2\/types\/page"}],"author":[{"embeddable":true,"href":"http:\/\/melges24.de\/index.php?rest_route=\/wp\/v2\/users\/1"}],"replies":[{"embeddable":true,"href":"http:\/\/melges24.de\/index.php?rest_route=%2Fwp%2Fv2%2Fcomments&post=103"}],"version-history":[{"count":0,"href":"http:\/\/melges24.de\/index.php?rest_route=\/wp\/v2\/pages\/103\/revisions"}],"wp:attachment":[{"href":"http:\/\/melges24.de\/index.php?rest_route=%2Fwp%2Fv2%2Fmedia&parent=103"}],"curies":[{"name":"wp","href":"https:\/\/api.w.org\/{rel}","templated":true}]}}